{"id":329,"date":"2022-10-25T12:12:12","date_gmt":"2022-10-25T10:12:12","guid":{"rendered":"http:\/\/192.168.3.159\/?page_id=329"},"modified":"2022-10-25T12:47:45","modified_gmt":"2022-10-25T10:47:45","slug":"objectifs-de-la-formation","status":"publish","type":"page","link":"https:\/\/class-prepa.enp.edu.dz\/index.php\/objectifs-de-la-formation\/","title":{"rendered":"OBJECTIFS DE LA FORMATION"},"content":{"rendered":"\t\t<div data-elementor-type=\"wp-page\" data-elementor-id=\"329\" class=\"elementor elementor-329\">\n\t\t\t\t\t\t\t\t\t<section class=\"elementor-section elementor-top-section elementor-element elementor-element-88cfff3 elementor-section-boxed elementor-section-height-default elementor-section-height-default\" data-id=\"88cfff3\" data-element_type=\"section\" data-settings=\"{&quot;background_background&quot;:&quot;classic&quot;,&quot;shape_divider_bottom&quot;:&quot;waves&quot;}\">\n\t\t\t\t\t<div class=\"elementor-shape elementor-shape-bottom\" data-negative=\"false\">\n\t\t\t<svg xmlns=\"http:\/\/www.w3.org\/2000\/svg\" viewBox=\"0 0 1000 100\" preserveAspectRatio=\"none\">\n\t<path class=\"elementor-shape-fill\" d=\"M421.9,6.5c22.6-2.5,51.5,0.4,75.5,5.3c23.6,4.9,70.9,23.5,100.5,35.7c75.8,32.2,133.7,44.5,192.6,49.7\n\tc23.6,2.1,48.7,3.5,103.4-2.5c54.7-6,106.2-25.6,106.2-25.6V0H0v30.3c0,0,72,32.6,158.4,30.5c39.2-0.7,92.8-6.7,134-22.4\n\tc21.2-8.1,52.2-18.2,79.7-24.2C399.3,7.9,411.6,7.5,421.9,6.5z\"\/>\n<\/svg>\t\t<\/div>\n\t\t\t\t\t<div class=\"elementor-container elementor-column-gap-default\">\n\t\t\t\t\t<div class=\"elementor-column elementor-col-100 elementor-top-column elementor-element elementor-element-97babe6\" data-id=\"97babe6\" data-element_type=\"column\" data-settings=\"{&quot;background_background&quot;:&quot;classic&quot;}\">\n\t\t\t<div class=\"elementor-widget-wrap elementor-element-populated\">\n\t\t\t\t\t\t\t\t<section class=\"elementor-section elementor-top-section elementor-element elementor-element-55026cf3 elementor-section-full_width elementor-section-height-default elementor-section-height-default\" data-id=\"55026cf3\" data-element_type=\"section\">\n\t\t\t\t\t\t<div class=\"elementor-container elementor-column-gap-default\">\n\t\t\t\t\t<div class=\"elementor-column elementor-col-100 elementor-top-column elementor-element elementor-element-360afa67\" data-id=\"360afa67\" data-element_type=\"column\" data-settings=\"{&quot;background_background&quot;:&quot;classic&quot;}\">\n\t\t\t<div class=\"elementor-widget-wrap elementor-element-populated\">\n\t\t\t\t\t\t\t\t<div class=\"elementor-element elementor-element-7915bd2 elementor-invisible elementor-widget elementor-widget-heading\" data-id=\"7915bd2\" data-element_type=\"widget\" data-settings=\"{&quot;_animation&quot;:&quot;rollIn&quot;}\" data-widget_type=\"heading.default\">\n\t\t\t\t<div class=\"elementor-widget-container\">\n\t\t\t<style>\/*! elementor - v3.15.0 - 20-08-2023 *\/\n.elementor-heading-title{padding:0;margin:0;line-height:1}.elementor-widget-heading .elementor-heading-title[class*=elementor-size-]>a{color:inherit;font-size:inherit;line-height:inherit}.elementor-widget-heading .elementor-heading-title.elementor-size-small{font-size:15px}.elementor-widget-heading .elementor-heading-title.elementor-size-medium{font-size:19px}.elementor-widget-heading .elementor-heading-title.elementor-size-large{font-size:29px}.elementor-widget-heading .elementor-heading-title.elementor-size-xl{font-size:39px}.elementor-widget-heading .elementor-heading-title.elementor-size-xxl{font-size:59px}<\/style><h2 class=\"elementor-heading-title elementor-size-default\">OBJECTIFS DE LA FORMATION<\/h2>\t\t<\/div>\n\t\t\t\t<\/div>\n\t\t\t\t\t<\/div>\n\t\t<\/div>\n\t\t\t\t\t\t\t<\/div>\n\t\t<\/section>\n\t\t\t\t\t<\/div>\n\t\t<\/div>\n\t\t\t\t\t\t\t<\/div>\n\t\t<\/section>\n\t\t\t\t<section class=\"elementor-section elementor-top-section elementor-element elementor-element-35b894e elementor-section-boxed elementor-section-height-default elementor-section-height-default\" data-id=\"35b894e\" data-element_type=\"section\">\n\t\t\t\t\t\t<div class=\"elementor-container elementor-column-gap-default\">\n\t\t\t\t\t<div class=\"elementor-column elementor-col-100 elementor-top-column elementor-element elementor-element-92361ab\" data-id=\"92361ab\" data-element_type=\"column\">\n\t\t\t<div class=\"elementor-widget-wrap elementor-element-populated\">\n\t\t\t\t\t\t\t\t<section class=\"elementor-section elementor-inner-section elementor-element elementor-element-32e3df0 elementor-section-boxed elementor-section-height-default elementor-section-height-default\" data-id=\"32e3df0\" data-element_type=\"section\">\n\t\t\t\t\t\t<div class=\"elementor-container elementor-column-gap-default\">\n\t\t\t\t\t<div class=\"elementor-column elementor-col-50 elementor-inner-column elementor-element elementor-element-db820a0\" data-id=\"db820a0\" data-element_type=\"column\">\n\t\t\t<div class=\"elementor-widget-wrap elementor-element-populated\">\n\t\t\t\t\t\t\t\t<div class=\"elementor-element elementor-element-0eba795 elementor-widget elementor-widget-text-editor\" data-id=\"0eba795\" data-element_type=\"widget\" data-widget_type=\"text-editor.default\">\n\t\t\t\t<div class=\"elementor-widget-container\">\n\t\t\t<style>\/*! elementor - v3.15.0 - 20-08-2023 *\/\n.elementor-widget-text-editor.elementor-drop-cap-view-stacked .elementor-drop-cap{background-color:#69727d;color:#fff}.elementor-widget-text-editor.elementor-drop-cap-view-framed .elementor-drop-cap{color:#69727d;border:3px solid;background-color:transparent}.elementor-widget-text-editor:not(.elementor-drop-cap-view-default) .elementor-drop-cap{margin-top:8px}.elementor-widget-text-editor:not(.elementor-drop-cap-view-default) .elementor-drop-cap-letter{width:1em;height:1em}.elementor-widget-text-editor .elementor-drop-cap{float:left;text-align:center;line-height:1;font-size:50px}.elementor-widget-text-editor .elementor-drop-cap-letter{display:inline-block}<\/style>\t\t\t\t<h5>Les \u00e9coles nationales sup\u00e9rieures, appel\u00e9es aussi grandes \u00e9coles d&rsquo;ing\u00e9nieur, comptent parmi les meilleurs et plus prestigieux \u00e9tablissement d&rsquo;enseignement sup\u00e9rieur en Alg\u00e9rie. A la suite de leurs \u00e9tudes, les dipl\u00f4m\u00e9s des grandes \u00e9coles auront des perspectives de carri\u00e8res int\u00e9ressantes.<\/h5><h5>\u00a0Au terme de cette formation, les \u00e9tudiants qui n&rsquo;int\u00e8grent pas une grande \u00e9cole peuvent poursuivre leurs \u00e9tudes \u00e0 l&rsquo;universit\u00e9.<\/h5><h5>A l&rsquo;issue de la deuxi\u00e8me ann\u00e9e, l&rsquo;\u00e9tudiant acc\u00e9dera au concours national commun regroupant les \u00e9coles nationales sup\u00e9rieures et sera orient\u00e9 vers la sp\u00e9cialit\u00e9 choisie selon son classement.<\/h5>\t\t\t\t\t\t<\/div>\n\t\t\t\t<\/div>\n\t\t\t\t\t<\/div>\n\t\t<\/div>\n\t\t\t\t<div class=\"elementor-column elementor-col-50 elementor-inner-column elementor-element elementor-element-0ca1327\" data-id=\"0ca1327\" data-element_type=\"column\">\n\t\t\t<div class=\"elementor-widget-wrap elementor-element-populated\">\n\t\t\t\t\t\t\t\t<div class=\"elementor-element elementor-element-055d793 elementor-widget elementor-widget-image\" data-id=\"055d793\" data-element_type=\"widget\" data-widget_type=\"image.default\">\n\t\t\t\t<div class=\"elementor-widget-container\">\n\t\t\t<style>\/*! elementor - v3.15.0 - 20-08-2023 *\/\n.elementor-widget-image{text-align:center}.elementor-widget-image a{display:inline-block}.elementor-widget-image a img[src$=\".svg\"]{width:48px}.elementor-widget-image img{vertical-align:middle;display:inline-block}<\/style>\t\t\t\t\t\t\t\t\t\t\t\t<img decoding=\"async\" width=\"768\" height=\"439\" src=\"https:\/\/class-prepa.enp.edu.dz\/wp-content\/uploads\/2022\/10\/OBJECTIFS-DE-LA-FORMATION-768x439.jpg\" class=\"attachment-medium_large size-medium_large wp-image-330\" alt=\"\" loading=\"lazy\" srcset=\"https:\/\/class-prepa.enp.edu.dz\/wp-content\/uploads\/2022\/10\/OBJECTIFS-DE-LA-FORMATION-768x439.jpg 768w, https:\/\/class-prepa.enp.edu.dz\/wp-content\/uploads\/2022\/10\/OBJECTIFS-DE-LA-FORMATION-300x171.jpg 300w, https:\/\/class-prepa.enp.edu.dz\/wp-content\/uploads\/2022\/10\/OBJECTIFS-DE-LA-FORMATION.jpg 866w\" sizes=\"(max-width: 768px) 100vw, 768px\" \/>\t\t\t\t\t\t\t\t\t\t\t\t\t\t\t<\/div>\n\t\t\t\t<\/div>\n\t\t\t\t\t<\/div>\n\t\t<\/div>\n\t\t\t\t\t\t\t<\/div>\n\t\t<\/section>\n\t\t\t\t<div class=\"elementor-element elementor-element-2fa102d elementor-widget elementor-widget-text-editor\" data-id=\"2fa102d\" data-element_type=\"widget\" data-widget_type=\"text-editor.default\">\n\t\t\t\t<div class=\"elementor-widget-container\">\n\t\t\t\t\t\t\t<h5>Le d\u00e9roulement des \u00e9tudes est comme suit\u00a0:<\/h5><h5>1- La dur\u00e9e du cursus de formation de l\u2019\u00e9l\u00e8ve dans les Classes Pr\u00e9paratoires est de deux ans.<\/h5><h5>2- Les enseignements sont organis\u00e9s en Unit\u00e9s d&rsquo;Enseignement Fondamentales, M\u00e9thodologiques, Transversales et D\u00e9couverte. Une Unit\u00e9 d\u2019Enseignement est constitu\u00e9e d\u2019une ou de plusieurs mati\u00e8res dispens\u00e9es sous diff\u00e9rentes formes d\u2019enseignement : cours, travaux dirig\u00e9s, travaux pratiques, conf\u00e9rences, s\u00e9minaires et travail personnel.<\/h5><h5>3- L&rsquo;Unit\u00e9 d&rsquo;Enseignement et les mati\u00e8res qui la composent sont affect\u00e9es d&rsquo;un coefficient, \u00e9valu\u00e9es par une note et mesur\u00e9es en cr\u00e9dits.<\/h5><h5>4- L\u2019\u00e9valuation des connaissances pour chaque Unit\u00e9 d\u2019Enseignement s\u2019effectue sous forme de contr\u00f4le continu qui peut prendre la forme d\u2019interrogations de courte dur\u00e9e, de devoirs, d\u2019expos\u00e9s, de travaux pratiques, ou tout autre moyen de contr\u00f4le. Un examen final est organis\u00e9 en fin de semestre.<\/h5><h5>5- L&rsquo;\u00e9valuation est semestrielle (examens, inerrogations, expos\u00e9s&#8230;etc) pour une progression annuelle.\u00a0 \u00a0<\/h5>\t\t\t\t\t\t<\/div>\n\t\t\t\t<\/div>\n\t\t\t\t\t<\/div>\n\t\t<\/div>\n\t\t\t\t\t\t\t<\/div>\n\t\t<\/section>\n\t\t\t\t<section class=\"elementor-section elementor-top-section elementor-element elementor-element-229c33a elementor-section-boxed elementor-section-height-default elementor-section-height-default\" data-id=\"229c33a\" data-element_type=\"section\">\n\t\t\t\t\t\t<div class=\"elementor-container elementor-column-gap-default\">\n\t\t\t\t\t<div class=\"elementor-column elementor-col-100 elementor-top-column elementor-element elementor-element-9bd2923\" data-id=\"9bd2923\" data-element_type=\"column\">\n\t\t\t<div class=\"elementor-widget-wrap\">\n\t\t\t\t\t\t\t\t\t<\/div>\n\t\t<\/div>\n\t\t\t\t\t\t\t<\/div>\n\t\t<\/section>\n\t\t\t\t\t\t\t<\/div>\n\t\t","protected":false},"excerpt":{"rendered":"<p class=\"qua-blog-post-description\">OBJECTIFS DE LA FORMATION Les \u00e9coles nationales sup\u00e9rieures, appel\u00e9es aussi grandes \u00e9coles d&rsquo;ing\u00e9nieur, comptent parmi les meilleurs et plus prestigieux \u00e9tablissement d&rsquo;enseignement sup\u00e9rieur en Alg\u00e9rie. A la suite de leurs \u00e9tudes, les dipl\u00f4m\u00e9s des grandes \u00e9coles auront des perspectives de carri\u00e8res int\u00e9ressantes. \u00a0Au terme de cette formation, les \u00e9tudiants qui n&rsquo;int\u00e8grent pas une grande \u00e9cole<\/p>\n<p class=\"qua-blog-post-description\"><a href=\"https:\/\/class-prepa.enp.edu.dz\/index.php\/objectifs-de-la-formation\/#more-329\" class=\"more-link\">Lire la suite<\/a><\/p>\n","protected":false},"author":1,"featured_media":0,"parent":0,"menu_order":0,"comment_status":"closed","ping_status":"closed","template":"elementor_header_footer","meta":[],"_links":{"self":[{"href":"https:\/\/class-prepa.enp.edu.dz\/index.php\/wp-json\/wp\/v2\/pages\/329"}],"collection":[{"href":"https:\/\/class-prepa.enp.edu.dz\/index.php\/wp-json\/wp\/v2\/pages"}],"about":[{"href":"https:\/\/class-prepa.enp.edu.dz\/index.php\/wp-json\/wp\/v2\/types\/page"}],"author":[{"embeddable":true,"href":"https:\/\/class-prepa.enp.edu.dz\/index.php\/wp-json\/wp\/v2\/users\/1"}],"replies":[{"embeddable":true,"href":"https:\/\/class-prepa.enp.edu.dz\/index.php\/wp-json\/wp\/v2\/comments?post=329"}],"version-history":[{"count":3,"href":"https:\/\/class-prepa.enp.edu.dz\/index.php\/wp-json\/wp\/v2\/pages\/329\/revisions"}],"predecessor-version":[{"id":333,"href":"https:\/\/class-prepa.enp.edu.dz\/index.php\/wp-json\/wp\/v2\/pages\/329\/revisions\/333"}],"wp:attachment":[{"href":"https:\/\/class-prepa.enp.edu.dz\/index.php\/wp-json\/wp\/v2\/media?parent=329"}],"curies":[{"name":"wp","href":"https:\/\/api.w.org\/{rel}","templated":true}]}}